{"id":43,"date":"2017-03-29T08:21:46","date_gmt":"2017-03-29T07:21:46","guid":{"rendered":"http:\/\/iespasqualcalbo.cat\/blocs\/mecanitzat\/?page_id=43"},"modified":"2017-03-29T08:21:46","modified_gmt":"2017-03-29T07:21:46","slug":"normativa","status":"publish","type":"page","link":"https:\/\/www.iespasqualcalbo.cat\/blocs\/mecanitzat\/normativa\/","title":{"rendered":"NORMATIVA"},"content":{"rendered":"<h4><strong>FPB en Fabricaci\u00f3 i Muntatge<\/strong><\/h4>\n<p><a href=\"http:\/\/www.caib.es\/sites\/fp\/ca\/decret_252015_de_24_dabril_pel_qual_es_regulen_els_ensenyaments_de_formacio_professional_basica-79700\/archivopub.do?ctrl=MCRST14ZI190755&amp;id=190755\" target=\"_blank\" rel=\"noopener noreferrer\">Decret 25\/2015, de 24 d\u2019abril, pel qual es regulen els ensenyaments de formaci\u00f3 professional b\u00e0sica del sistema educatiu en el sistema integrat de formaci\u00f3 professional de les Illes Balears<\/a><\/p>\n<p><a href=\"http:\/\/www.caib.es\/sites\/fp\/ca\/decret_252015_de_24_dabril_pel_qual_es_regulen_els_ensenyaments_de_formacio_professional_basica-79700\/archivopub.do?ctrl=MCRST14ZI190754&amp;id=190754\" target=\"_blank\" rel=\"noopener noreferrer\">Decreto 25\/2015, de 24 de abril, por el cual se regulan las ense\u00f1anzas de Formaci\u00f3n Profesional B\u00e1sica del sistema educativo en el sistema integrado de formaci\u00f3n profesional de las Illes Balears<\/a><\/p>\n<h4><strong>GM en Mecanitzat<\/strong><\/h4>\n<p><img decoding=\"async\" src=\"http:\/\/www.caib.es\/sites\/fp\/ca\/normativa_fp-7489\/imgs\/archivos_prev\/pdf.gif\" alt=\"OrdreCNT08_cat_BOIB 6_12_08.pdf\" \/> <a href=\"http:\/\/www.caib.es\/sites\/fp\/ca\/normativa_fp-7489\/archivopub.do?ctrl=MCRST14ZI42136&amp;id=42136\" target=\"_blank\" rel=\"noopener noreferrer\">Ordre de la consellera d&#8217;Educaci\u00f3 i Cultura de 28 de novembre de 2008 per la qual s&#8217;estableix el desenvolupament curricular per als t\u00edtols de formaci\u00f3 professional del sistema educatiu que es dictin d&#8217;acord amb la Llei org\u00e0nica 2\/2006, de 3 de maig, d&#8217;educaci\u00f3, dins l&#8217;\u00e0mbit de la Comunitat Aut\u00f2noma de les Illes Balears. (BOIB n\u00fam. 172 Ext., de 6 de desembre)<\/a><\/p>\n<p><img decoding=\"async\" title=\"PDF\" src=\"http:\/\/www.caib.es\/sites\/fp\/ca\/normativa_fp-7489\/tinymce\/jscripts\/tiny_mce\/plugins\/tipoarchivos\/images\/pdf.gif\" alt=\"PDF\" border=\"0\" \/> <a href=\"http:\/\/www.caib.es\/sites\/fp\/ca\/normativa_fp-7489\/archivopub.do?ctrl=MCRST14ZI135113&amp;id=135113\" target=\"_blank\" rel=\"noopener noreferrer\">Ordre de la consellera d&#8217;Educaci\u00f3 i Cultura de 13 de juliol de 2009 per la qual es regula l&#8217;organitzaci\u00f3 i el funcionament dels cicles formatius de formaci\u00f3 professional del sistema educatiu que s&#8217;imparteixen d&#8217;acord amb la Llei org\u00e0nica 2\/2006, de 3 de maig, d&#8217;educaci\u00f3, a les Illes Balears, en la modalitat d&#8217;ensenyament presencial<\/a><\/p>\n<p><img decoding=\"async\" title=\"PDF\" src=\"http:\/\/www.caib.es\/sites\/fp\/ca\/normativa_fp-7489\/tinymce\/jscripts\/tiny_mce\/plugins\/tipoarchivos\/images\/pdf.gif\" alt=\"PDF\" border=\"0\" \/> <a href=\"http:\/\/www.caib.es\/sites\/fp\/ca\/normativa_fp-7489\/archivopub.do?ctrl=MCRST14ZI135114&amp;id=135114\" target=\"_blank\" rel=\"noopener noreferrer\">Resoluci\u00f3 del director general de Formaci\u00f3 Professional i Aprenentatge Permanent per la qual es dicten les dicten les instrucciones per a la concreci\u00f3 de determinats aspectes de l&#8217;Ordre de la consellera d&#8217;Educaci\u00f3 i Cultura ded 13 de juliol de 2009<\/a>\t\t<\/p>\n","protected":false},"excerpt":{"rendered":"<p>FPB en Fabricaci\u00f3 i Muntatge Decret 25\/2015, de 24 d\u2019abril, pel qual es regulen els ensenyaments de formaci\u00f3 professional b\u00e0sica del sistema educatiu en el sistema integrat de formaci\u00f3 professional de les Illes Balears Decreto 25\/2015, de 24 de abril, por el cual se regulan las ense\u00f1anzas de Formaci\u00f3n Profesional B\u00e1sica del sistema educativo en el sistema integrado de formaci\u00f3n profesional de las Illes Balears GM en Mecanitzat Ordre de la consellera d&#8217;Educaci\u00f3 i Cultura de 28 de novembre de&hellip;<\/p>\n","protected":false},"author":1,"featured_media":0,"parent":0,"menu_order":0,"comment_status":"closed","ping_status":"closed","template":"","meta":{"footnotes":""},"class_list":["post-43","page","type-page","status-publish","hentry"],"_links":{"self":[{"href":"https:\/\/www.iespasqualcalbo.cat\/blocs\/mecanitzat\/wp-json\/wp\/v2\/pages\/43","targetHints":{"allow":["GET"]}}],"collection":[{"href":"https:\/\/www.iespasqualcalbo.cat\/blocs\/mecanitzat\/wp-json\/wp\/v2\/pages"}],"about":[{"href":"https:\/\/www.iespasqualcalbo.cat\/blocs\/mecanitzat\/wp-json\/wp\/v2\/types\/page"}],"author":[{"embeddable":true,"href":"https:\/\/www.iespasqualcalbo.cat\/blocs\/mecanitzat\/wp-json\/wp\/v2\/users\/1"}],"replies":[{"embeddable":true,"href":"https:\/\/www.iespasqualcalbo.cat\/blocs\/mecanitzat\/wp-json\/wp\/v2\/comments?post=43"}],"version-history":[{"count":0,"href":"https:\/\/www.iespasqualcalbo.cat\/blocs\/mecanitzat\/wp-json\/wp\/v2\/pages\/43\/revisions"}],"wp:attachment":[{"href":"https:\/\/www.iespasqualcalbo.cat\/blocs\/mecanitzat\/wp-json\/wp\/v2\/media?parent=43"}],"curies":[{"name":"wp","href":"https:\/\/api.w.org\/{rel}","templated":true}]}}

<h4><strong>FPB en Fabricació i Muntatge</strong></h4>
<p><a href="http://www.caib.es/sites/fp/ca/decret_252015_de_24_dabril_pel_qual_es_regulen_els_ensenyaments_de_formacio_professional_basica-79700/archivopub.do?ctrl=MCRST14ZI190755&amp;id=190755" target="_blank" rel="noopener noreferrer">Decret 25/2015, de 24 d’abril, pel qual es regulen els ensenyaments de formació professional bàsica del sistema educatiu en el sistema integrat de formació professional de les Illes Balears</a></p>
<p><a href="http://www.caib.es/sites/fp/ca/decret_252015_de_24_dabril_pel_qual_es_regulen_els_ensenyaments_de_formacio_professional_basica-79700/archivopub.do?ctrl=MCRST14ZI190754&amp;id=190754" target="_blank" rel="noopener noreferrer">Decreto 25/2015, de 24 de abril, por el cual se regulan las enseñanzas de Formación Profesional Básica del sistema educativo en el sistema integrado de formación profesional de las Illes Balears</a></p>
<h4><strong>GM en Mecanitzat</strong></h4>
<p><img decoding="async" src="http://www.caib.es/sites/fp/ca/normativa_fp-7489/imgs/archivos_prev/pdf.gif" alt="OrdreCNT08_cat_BOIB 6_12_08.pdf" /> <a href="http://www.caib.es/sites/fp/ca/normativa_fp-7489/archivopub.do?ctrl=MCRST14ZI42136&amp;id=42136" target="_blank" rel="noopener noreferrer">Ordre de la consellera d&#8217;Educació i Cultura de 28 de novembre de 2008 per la qual s&#8217;estableix el desenvolupament curricular per als títols de formació professional del sistema educatiu que es dictin d&#8217;acord amb la Llei orgànica 2/2006, de 3 de maig, d&#8217;educació, dins l&#8217;àmbit de la Comunitat Autònoma de les Illes Balears. (BOIB núm. 172 Ext., de 6 de desembre)</a></p>
<p><img decoding="async" title="PDF" src="http://www.caib.es/sites/fp/ca/normativa_fp-7489/tinymce/jscripts/tiny_mce/plugins/tipoarchivos/images/pdf.gif" alt="PDF" border="0" /> <a href="http://www.caib.es/sites/fp/ca/normativa_fp-7489/archivopub.do?ctrl=MCRST14ZI135113&amp;id=135113" target="_blank" rel="noopener noreferrer">Ordre de la consellera d&#8217;Educació i Cultura de 13 de juliol de 2009 per la qual es regula l&#8217;organització i el funcionament dels cicles formatius de formació professional del sistema educatiu que s&#8217;imparteixen d&#8217;acord amb la Llei orgànica 2/2006, de 3 de maig, d&#8217;educació, a les Illes Balears, en la modalitat d&#8217;ensenyament presencial</a></p>
<p><img decoding="async" title="PDF" src="http://www.caib.es/sites/fp/ca/normativa_fp-7489/tinymce/jscripts/tiny_mce/plugins/tipoarchivos/images/pdf.gif" alt="PDF" border="0" /> <a href="http://www.caib.es/sites/fp/ca/normativa_fp-7489/archivopub.do?ctrl=MCRST14ZI135114&amp;id=135114" target="_blank" rel="noopener noreferrer">Resolució del director general de Formació Professional i Aprenentatge Permanent per la qual es dicten les dicten les instrucciones per a la concreció de determinats aspectes de l&#8217;Ordre de la consellera d&#8217;Educació i Cultura ded 13 de juliol de 2009</a>		</p>

<p>FPB en Fabricació i Muntatge Decret 25/2015, de 24 d’abril, pel qual es regulen els ensenyaments de formació professional bàsica del sistema educatiu en el sistema integrat de formació professional de les Illes Balears Decreto 25/2015, de 24 de abril, por el cual se regulan las enseñanzas de Formación Profesional Básica del sistema educativo en el sistema integrado de formación profesional de las Illes Balears GM en Mecanitzat Ordre de la consellera d&#8217;Educació i Cultura de 28 de novembre de&hellip;</p>
