{"id":42,"date":"2017-03-29T08:21:46","date_gmt":"2017-03-29T07:21:46","guid":{"rendered":"http:\/\/iespasqualcalbo.cat\/blocs\/mecanitzat\/?page_id=42"},"modified":"2017-03-29T08:21:46","modified_gmt":"2017-03-29T07:21:46","slug":"cicles","status":"publish","type":"page","link":"https:\/\/www.iespasqualcalbo.cat\/blocs\/mecanitzat\/inici\/cicles\/","title":{"rendered":"CICLES"},"content":{"rendered":"<h4>Cicle Formatiu de Formaci\u00f3 Professional B\u00e0sica en Fabricaci\u00f3 i Muntatge\u00a0<a href=\"https:\/\/www.iespasqualcalbo.cat\/blocs\/mecanitzat\/wp-content\/uploads\/sites\/17\/2017\/04\/FME11.pdf\">FME11<\/a><\/h4>\n<p><a href=\"https:\/\/www.iespasqualcalbo.cat\/blocs\/mecanitzat\/wp-content\/uploads\/sites\/17\/2017\/04\/TRIPTIC_FME11_2017.pdf\">TRIPTIC_FME11_2017<\/a><\/p>\n<h4><\/h4>\n<h4>Cicle Formatiu de Grau Mitj\u00e0 en Mecanitzaci\u00f3\u00a0<a href=\"https:\/\/www.iespasqualcalbo.cat\/blocs\/mecanitzat\/wp-content\/uploads\/sites\/17\/2017\/04\/FME21.pdf\">FME21<\/a><\/h4>\n<p><a href=\"https:\/\/www.iespasqualcalbo.cat\/blocs\/mecanitzat\/wp-content\/uploads\/sites\/17\/2017\/04\/TRIPTIC_FME21_2017.pdf\">TRIPTIC_FME21_2017<\/a>\t\t<\/p>\n","protected":false},"excerpt":{"rendered":"<p>Cicle Formatiu de Formaci\u00f3 Professional B\u00e0sica en Fabricaci\u00f3 i Muntatge\u00a0FME11 TRIPTIC_FME11_2017 Cicle Formatiu de Grau Mitj\u00e0 en Mecanitzaci\u00f3\u00a0FME21 TRIPTIC_FME21_2017<\/p>\n","protected":false},"author":1,"featured_media":35,"parent":41,"menu_order":1,"comment_status":"closed","ping_status":"closed","template":"","meta":{"footnotes":""},"class_list":["post-42","page","type-page","status-publish","has-post-thumbnail","hentry","post-has-thumbnail"],"_links":{"self":[{"href":"https:\/\/www.iespasqualcalbo.cat\/blocs\/mecanitzat\/wp-json\/wp\/v2\/pages\/42","targetHints":{"allow":["GET"]}}],"collection":[{"href":"https:\/\/www.iespasqualcalbo.cat\/blocs\/mecanitzat\/wp-json\/wp\/v2\/pages"}],"about":[{"href":"https:\/\/www.iespasqualcalbo.cat\/blocs\/mecanitzat\/wp-json\/wp\/v2\/types\/page"}],"author":[{"embeddable":true,"href":"https:\/\/www.iespasqualcalbo.cat\/blocs\/mecanitzat\/wp-json\/wp\/v2\/users\/1"}],"replies":[{"embeddable":true,"href":"https:\/\/www.iespasqualcalbo.cat\/blocs\/mecanitzat\/wp-json\/wp\/v2\/comments?post=42"}],"version-history":[{"count":0,"href":"https:\/\/www.iespasqualcalbo.cat\/blocs\/mecanitzat\/wp-json\/wp\/v2\/pages\/42\/revisions"}],"up":[{"embeddable":true,"href":"https:\/\/www.iespasqualcalbo.cat\/blocs\/mecanitzat\/wp-json\/wp\/v2\/pages\/41"}],"wp:featuredmedia":[{"embeddable":true,"href":"https:\/\/www.iespasqualcalbo.cat\/blocs\/mecanitzat\/wp-json\/wp\/v2\/media\/35"}],"wp:attachment":[{"href":"https:\/\/www.iespasqualcalbo.cat\/blocs\/mecanitzat\/wp-json\/wp\/v2\/media?parent=42"}],"curies":[{"name":"wp","href":"https:\/\/api.w.org\/{rel}","templated":true}]}}

<h4>Cicle Formatiu de Formació Professional Bàsica en Fabricació i Muntatge <a href="https://www.iespasqualcalbo.cat/blocs/mecanitzat/wp-content/uploads/sites/17/2017/04/FME11.pdf">FME11</a></h4>
<p><a href="https://www.iespasqualcalbo.cat/blocs/mecanitzat/wp-content/uploads/sites/17/2017/04/TRIPTIC_FME11_2017.pdf">TRIPTIC_FME11_2017</a></p>
<h4></h4>
<h4>Cicle Formatiu de Grau Mitjà en Mecanització <a href="https://www.iespasqualcalbo.cat/blocs/mecanitzat/wp-content/uploads/sites/17/2017/04/FME21.pdf">FME21</a></h4>
<p><a href="https://www.iespasqualcalbo.cat/blocs/mecanitzat/wp-content/uploads/sites/17/2017/04/TRIPTIC_FME21_2017.pdf">TRIPTIC_FME21_2017</a>		</p>

<p>Cicle Formatiu de Formació Professional Bàsica en Fabricació i Muntatge FME11 TRIPTIC_FME11_2017 Cicle Formatiu de Grau Mitjà en Mecanització FME21 TRIPTIC_FME21_2017</p>
