{"id":91,"date":"2017-02-17T02:23:00","date_gmt":"2017-02-17T00:23:00","guid":{"rendered":"http:\/\/iespasqualcalbo.cat\/blocs\/electricitat\/?page_id=91"},"modified":"2017-02-17T02:23:00","modified_gmt":"2017-02-17T00:23:00","slug":"convalidacions","status":"publish","type":"page","link":"https:\/\/www.iespasqualcalbo.cat\/blocs\/electricitat\/convalidacions\/","title":{"rendered":"Convalidacions"},"content":{"rendered":"<ul>\n<li><a href=\"http:\/\/iespasqualcalbo.cat\/blocs\/electricitat\/wp-content\/uploads\/sites\/6\/2017\/03\/Convalidacions.pdf\">Orden ECD\/2159\/2014, de 7 de noviembre, por la que se establecen convalidaciones entre m\u00f3dulos profesionales de formaci\u00f3n profesional del Sistema Educativo Espa\u00f1ol<\/a><\/li>\n<\/ul>\n<ul>\n<li><a href=\"http:\/\/iespasqualcalbo.cat\/blocs\/electricitat\/wp-content\/uploads\/sites\/6\/2017\/03\/Resum-Convalidacions.pdf\">Quadre Resum Convalidacions<\/a><\/li>\n<\/ul>\n","protected":false},"excerpt":{"rendered":"<p>Orden ECD\/2159\/2014, de 7 de noviembre, por la que se establecen convalidaciones entre m\u00f3dulos profesionales de formaci\u00f3n profesional del Sistema Educativo Espa\u00f1ol Quadre Resum Convalidacions<\/p>\n","protected":false},"author":2,"featured_media":0,"parent":0,"menu_order":0,"comment_status":"closed","ping_status":"closed","template":"","meta":{"footnotes":""},"class_list":["post-91","page","type-page","status-publish","hentry"],"_links":{"self":[{"href":"https:\/\/www.iespasqualcalbo.cat\/blocs\/electricitat\/wp-json\/wp\/v2\/pages\/91","targetHints":{"allow":["GET"]}}],"collection":[{"href":"https:\/\/www.iespasqualcalbo.cat\/blocs\/electricitat\/wp-json\/wp\/v2\/pages"}],"about":[{"href":"https:\/\/www.iespasqualcalbo.cat\/blocs\/electricitat\/wp-json\/wp\/v2\/types\/page"}],"author":[{"embeddable":true,"href":"https:\/\/www.iespasqualcalbo.cat\/blocs\/electricitat\/wp-json\/wp\/v2\/users\/2"}],"replies":[{"embeddable":true,"href":"https:\/\/www.iespasqualcalbo.cat\/blocs\/electricitat\/wp-json\/wp\/v2\/comments?post=91"}],"version-history":[{"count":0,"href":"https:\/\/www.iespasqualcalbo.cat\/blocs\/electricitat\/wp-json\/wp\/v2\/pages\/91\/revisions"}],"wp:attachment":[{"href":"https:\/\/www.iespasqualcalbo.cat\/blocs\/electricitat\/wp-json\/wp\/v2\/media?parent=91"}],"curies":[{"name":"wp","href":"https:\/\/api.w.org\/{rel}","templated":true}]}}

<ul>
<li><a href="http://iespasqualcalbo.cat/blocs/electricitat/wp-content/uploads/sites/6/2017/03/Convalidacions.pdf">Orden ECD/2159/2014, de 7 de noviembre, por la que se establecen convalidaciones entre módulos profesionales de formación profesional del Sistema Educativo Español</a></li>
</ul>
<ul>
<li><a href="http://iespasqualcalbo.cat/blocs/electricitat/wp-content/uploads/sites/6/2017/03/Resum-Convalidacions.pdf">Quadre Resum Convalidacions</a></li>
</ul>

<p>Orden ECD/2159/2014, de 7 de noviembre, por la que se establecen convalidaciones entre módulos profesionales de formación profesional del Sistema Educativo Español Quadre Resum Convalidacions</p>
