{"id":45,"date":"2017-02-14T11:59:27","date_gmt":"2017-02-14T09:59:27","guid":{"rendered":"http:\/\/iespasqualcalbo.cat\/blocs\/electricitat\/?page_id=45"},"modified":"2017-02-14T11:59:27","modified_gmt":"2017-02-14T09:59:27","slug":"fp-basica","status":"publish","type":"page","link":"https:\/\/www.iespasqualcalbo.cat\/blocs\/electricitat\/fp-basica\/","title":{"rendered":"FP B\u00e0sica"},"content":{"rendered":"<p>\t\t\t\t<strong>T\u00edtol Professional B\u00e0sic en Electricitat i Electr\u00f2nica<\/strong><\/p>\n<ul>\n<li><strong><em>Qui pot accedir<\/em><\/strong><\/li>\n<\/ul>\n<p style=\"padding-left: 30px\">&#8211; Alumnes de 15 a 17 anys (excepcionalment amb 18 anys si queden places vacants).<\/p>\n<p style=\"padding-left: 30px\">&#8211; Haver el primer cicle d&#8217;ESO o excepcionalment, haver cursat el 2n curs d&#8217;ESO.<\/p>\n<ul>\n<li><strong><em>Entorn professional<\/em><\/strong><\/li>\n<\/ul>\n<p style=\"padding-left: 30px\">&#8211; Aquest professional exerceix la seva activitat en empreses de muntatge i manteniment d&#8217;instal\u00b7lacions electrot\u00e8cniques d&#8217;edificis, vivendes, oficines, locals comercials i industrials, supervisat per un nivell superior i estant regulada l&#8217;activitat pel REBT i per la Normativa ICT.<\/p>\n<p style=\"padding-left: 30px\">&#8211; Les ocupacions i llocs de feina m\u00e9s rellevants s\u00f3n les seg\u00fcents: Operari d&#8217;instal\u00b7lacions el\u00e8ctriques de baixa tensi\u00f3, Ajudant de muntador d&#8217;antenes receptores de TV i Sat\u00e8l\u00b7lit, Ajudant d&#8217;instal\u00b7lador i reparador d&#8217;equips telef\u00f2nics i telegr\u00e0fics, Ajudant d&#8217;instal\u00b7lador d&#8217;equips i sistemes de comunicaci\u00f3, Ajudant d&#8217;instal\u00b7lador d&#8217;equips i sistemes de comunicaci\u00f3, Ajudant d&#8217;instal\u00b7lador i reparador d&#8217;instal\u00b7lacions telef\u00f2niques, Pe\u00f3 de la industria de producci\u00f3 i distribuci\u00f3 d&#8217;energia el\u00e8ctrica, Ajudant de muntador de sistemes microinform\u00e0tics, Operador muntatge d&#8217;equips el\u00e8ctrics i electr\u00f2nics, Auxiliar de manteniment d&#8217;equips el\u00e8ctrics i electr\u00f2nics, Provador &#8211; ajustador de plaques i equips el\u00e8ctrics i electr\u00f2nics, Muntador de components en plaques de circuit impr\u00e8s.<\/p>\n<ul>\n<li><strong><em>Pla de formaci\u00f3<\/em><\/strong><\/li>\n<\/ul>\n<p style=\"padding-left: 30px\"><a href=\"http:\/\/iespasqualcalbo.cat\/blocs\/electricitat\/wp-content\/uploads\/sites\/6\/2017\/02\/temari-fpbasica.jpg\"><img fetchpriority=\"high\" decoding=\"async\" class=\"aligncenter size-medium wp-image-185\" src=\"http:\/\/iespasqualcalbo.cat\/blocs\/electricitat\/wp-content\/uploads\/sites\/6\/2017\/02\/temari-fpbasica-233x300.jpg\" alt=\"\" width=\"233\" height=\"300\" srcset=\"https:\/\/www.iespasqualcalbo.cat\/blocs\/electricitat\/wp-content\/uploads\/sites\/13\/2017\/02\/temari-fpbasica-233x300.jpg 233w, https:\/\/www.iespasqualcalbo.cat\/blocs\/electricitat\/wp-content\/uploads\/sites\/13\/2017\/02\/temari-fpbasica.jpg 469w\" sizes=\"(max-width: 233px) 100vw, 233px\" \/><\/a><\/p>\n<ul>\n<li><strong><em>Qualificacions i unitats de compet\u00e8ncia<\/em><\/strong><\/li>\n<\/ul>\n<p style=\"padding-left: 30px\">&#8211; Qualificacions Professional Completes:<\/p>\n<p style=\"padding-left: 60px\">a) Operacions auxiliars de muntatge d&#8217;instal\u00b7lacions electrot\u00e8cniques i de telecomunicacions en edificis ELE255_1 que compren les seg\u00fcents unitats de compet\u00e8ncia:<\/p>\n<p style=\"padding-left: 60px\">&#8211; UC0816_1: Realitzar operacions de muntatge d&#8217;instal\u00b7lacions el\u00e8ctriques de baixa tensi\u00f3 i dom\u00f2tiques en edificis.<\/p>\n<p style=\"padding-left: 60px\">&#8211; UC0817_1: Realitzar operacions de muntatge d&#8217;instal\u00b7lacions de telecomunicacions.<\/p>\n<p style=\"padding-left: 60px\">b) Operacions auxiliars de muntatge i manteniment d&#8217;equips el\u00e8ctrics i electr\u00f2nics ELE481_1 que\u00a0compren les seg\u00fcents unitats de compet\u00e8ncia:<\/p>\n<p style=\"padding-left: 60px\">&#8211;\u00a0UC1559_1: Realitzar operacions de muntatge d&#8217;equips el\u00e8ctrics i electr\u00f2nics.<\/p>\n<p style=\"padding-left: 60px\">&#8211;\u00a0UC1560_1: Realitzar operacions de connexionat en el muntatge d&#8217;equips el\u00e8ctrics i electr\u00f2nics.<\/p>\n<p style=\"padding-left: 60px\">&#8211;\u00a0UC1561_1: Realitzar operacions auxiliars en el manteniment d&#8217;equips el\u00e8ctrics i electr\u00f2nics.<\/p>\n<p style=\"padding-left: 30px\">&#8211; Qualificacions professionals incompletes:<\/p>\n<p style=\"padding-left: 60px\">Operacions auxiliars de muntatge i manteniment de sistemes microinform\u00e0tics iFC361_1, que compren les seg\u00fcents unitats de compet\u00e8ncia:<\/p>\n<p style=\"padding-left: 60px\">&#8211;\u00a0UC1207_1: Realitzar operacions auxiliars de muntatge d&#8217;equips microinform\u00e0tics.<\/p>\n<ul>\n<li><strong><em>Correspond\u00e8ncia dels m\u00f2duls professionals amb les unitats de compet\u00e8ncia per la seva acreditaci\u00f3<\/em><\/strong><\/li>\n<\/ul>\n<p><a href=\"http:\/\/iespasqualcalbo.cat\/blocs\/electricitat\/wp-content\/uploads\/sites\/6\/2017\/03\/acreditacio-moduls-competencies-ele11.jpg\"><img decoding=\"async\" class=\"aligncenter size-medium wp-image-227\" src=\"http:\/\/iespasqualcalbo.cat\/blocs\/electricitat\/wp-content\/uploads\/sites\/6\/2017\/03\/acreditacio-moduls-competencies-ele11-300x194.jpg\" alt=\"\" width=\"300\" height=\"194\" srcset=\"https:\/\/www.iespasqualcalbo.cat\/blocs\/electricitat\/wp-content\/uploads\/sites\/13\/2017\/03\/acreditacio-moduls-competencies-ele11-300x194.jpg 300w, https:\/\/www.iespasqualcalbo.cat\/blocs\/electricitat\/wp-content\/uploads\/sites\/13\/2017\/03\/acreditacio-moduls-competencies-ele11-768x498.jpg 768w, https:\/\/www.iespasqualcalbo.cat\/blocs\/electricitat\/wp-content\/uploads\/sites\/13\/2017\/03\/acreditacio-moduls-competencies-ele11-1024x664.jpg 1024w, https:\/\/www.iespasqualcalbo.cat\/blocs\/electricitat\/wp-content\/uploads\/sites\/13\/2017\/03\/acreditacio-moduls-competencies-ele11.jpg 1072w\" sizes=\"(max-width: 300px) 100vw, 300px\" \/><\/a><\/p>\n<ul>\n<li><em><strong>Quan acabi els estudis, qu\u00e8 puc fer?<\/strong><\/em><\/li>\n<\/ul>\n<p style=\"padding-left: 30px\">&#8211; <strong><em>Feina com<\/em><\/strong>: Operari d&#8217;instal\u00b7lacions el\u00e8ctriques de baixa tensi\u00f3, ajudant de muntador d&#8217;antenes receptores TV i Sat\u00e8l\u00b7lit, ajudant d&#8217;instal\u00b7lador i reparador d&#8217;equips telef\u00f2nics i telegr\u00e0fics, ajudant d&#8217;instal\u00b7lador d&#8217;equips i sistemes de comunicacions, ajudant d&#8217;instal\u00b7lador reparadors d&#8217;instal\u00b7lacions telef\u00f2niques, pe\u00f3 de la industria de producci\u00f3 i distribuci\u00f3 d&#8217;energia el\u00e8ctrica, ajudant de muntador de sistemes microinform\u00e0tics.<\/p>\n<p style=\"padding-left: 30px\">&#8211; <strong><em>Seguir estudiant<\/em><\/strong>: Un Cicle Formatiu de Grau Mitj\u00e0. Aquest t\u00edtol tindr\u00e0 prefer\u00e8ncia per a l&#8217;admissi\u00f3 a tots els t\u00edtols de grau mitj\u00e0 de les fam\u00edlies professionals d&#8217;Electricitat i Electr\u00f2nica.<\/p>\n<ul>\n<li><a href=\"http:\/\/www.iespasqualcalbo.cat\/arxius\/triptics\/TRIPTIC_FME11.pdf\" target=\"_blank\" rel=\"noopener noreferrer\"><strong><em>Tr\u00edptic del Cicle<\/em><\/strong><\/a><\/li>\n<\/ul>\n<ul>\n<li><strong><em>M\u00e9s informaci\u00f3<\/em><\/strong>:<\/li>\n<\/ul>\n<p style=\"padding-left: 30px\">&#8211;\u00a0<a href=\"http:\/\/www.todofp.es\/todofp\/que-como-y-donde-estudiar\/que-estudiar\/familias\/electricidad-electronica\/electricidad-electronica.html\" target=\"_blank\" rel=\"noopener noreferrer\">T\u00edtulo Profesional B\u00e1sico en Electricidad y Electr\u00f3nica<\/a><\/p>\n<p style=\"padding-left: 30px\">&#8211;\u00a0<a href=\"http:\/\/www.todofp.es\/dctm\/todofp\/fp-basica\/fp-basica-electricidad-electronica.pdf?documentId=0901e72b818aef26\" target=\"_blank\" rel=\"noopener noreferrer\">Titulo Profesional en Electricidad y Electr\u00f3nica y ense\u00f1anzas m\u00ednimas<\/a><\/p>\n<p style=\"padding-left: 30px\">\u00a0\u2013 <a href=\"http:\/\/www.boe.es\/boe\/dias\/2009\/08\/10\/pdfs\/BOE-A-2009-13250.pdf\" target=\"_blank\" rel=\"noopener noreferrer\">Curr\u00edculo Profesional Electricidad y Electr\u00f3nica<\/a><\/p>\n","protected":false},"excerpt":{"rendered":"<p>T\u00edtol Professional B\u00e0sic en Electricitat i Electr\u00f2nica Qui pot accedir &#8211; Alumnes de 15 a 17 anys (excepcionalment amb 18 anys si queden places vacants). &#8211; Haver el primer cicle d&#8217;ESO o excepcionalment, haver cursat el 2n curs d&#8217;ESO. Entorn professional &#8211; Aquest professional exerceix la seva activitat en empreses de muntatge i manteniment d&#8217;instal\u00b7lacions [&hellip;]<\/p>\n","protected":false},"author":2,"featured_media":0,"parent":0,"menu_order":0,"comment_status":"closed","ping_status":"closed","template":"","meta":{"footnotes":""},"class_list":["post-45","page","type-page","status-publish","hentry"],"_links":{"self":[{"href":"https:\/\/www.iespasqualcalbo.cat\/blocs\/electricitat\/wp-json\/wp\/v2\/pages\/45","targetHints":{"allow":["GET"]}}],"collection":[{"href":"https:\/\/www.iespasqualcalbo.cat\/blocs\/electricitat\/wp-json\/wp\/v2\/pages"}],"about":[{"href":"https:\/\/www.iespasqualcalbo.cat\/blocs\/electricitat\/wp-json\/wp\/v2\/types\/page"}],"author":[{"embeddable":true,"href":"https:\/\/www.iespasqualcalbo.cat\/blocs\/electricitat\/wp-json\/wp\/v2\/users\/2"}],"replies":[{"embeddable":true,"href":"https:\/\/www.iespasqualcalbo.cat\/blocs\/electricitat\/wp-json\/wp\/v2\/comments?post=45"}],"version-history":[{"count":0,"href":"https:\/\/www.iespasqualcalbo.cat\/blocs\/electricitat\/wp-json\/wp\/v2\/pages\/45\/revisions"}],"wp:attachment":[{"href":"https:\/\/www.iespasqualcalbo.cat\/blocs\/electricitat\/wp-json\/wp\/v2\/media?parent=45"}],"curies":[{"name":"wp","href":"https:\/\/api.w.org\/{rel}","templated":true}]}}