{"id":192,"date":"2017-02-27T17:20:37","date_gmt":"2017-02-27T15:20:37","guid":{"rendered":"http:\/\/iespasqualcalbo.cat\/blocs\/electricitat\/?page_id=192"},"modified":"2017-02-27T17:20:37","modified_gmt":"2017-02-27T15:20:37","slug":"grau-mitja-tecnic-en-installacions-electriques-i-automatiques","status":"publish","type":"page","link":"https:\/\/www.iespasqualcalbo.cat\/blocs\/electricitat\/grau-mitja-tecnic-en-installacions-electriques-i-automatiques\/","title":{"rendered":"Grau Mitj\u00e0"},"content":{"rendered":"<p>\t\t\t\t<strong>Grau Mitj\u00e0 T\u00e8cnic en Instal\u00b7lacions El\u00e8ctriques i Autom\u00e0tiques<\/strong><\/p>\n<ul>\n<li><strong><em>Qui pot accedir<\/em><\/strong><\/li>\n<\/ul>\n<p style=\"padding-left: 30px\">\u2013 T\u00edtol de graduat en Educaci\u00f3 Secund\u00e0ria Obligat\u00f2ria.<\/p>\n<p style=\"padding-left: 30px\">&#8211; Acc\u00e9s mitjan\u00e7ant prova d&#8217;acc\u00e9s.<\/p>\n<p style=\"padding-left: 30px\">&#8211; Haver cursat un Cicle Formatiu de Formaci\u00f3 Professional B\u00e0sica<\/p>\n<ul>\n<li><strong><em>Entorn professional<\/em><\/strong><\/li>\n<\/ul>\n<p style=\"padding-left: 30px\">&#8211; Aquest professional exerceix la seva activitat en petites i mitjanes empreses, principalment privades, dedicades al muntatge i manteniment d&#8217;infraestructures de telecomunicacions en edificis, m\u00e0quines el\u00e8ctriques, sistemes automatitzats, instal\u00b7lacions el\u00e8ctriques de baixa tensi\u00f3 i sistemes dom\u00f2tics.<\/p>\n<p style=\"padding-left: 30px\">&#8211; \u00a0Les ocupacions i llocs de treball m\u00e9s rellevants s\u00f3n les seg\u00fcents:<\/p>\n<p style=\"padding-left: 60px\">&#8211; Instal\u00b7lador &#8211; mantenidor electricista.<\/p>\n<p style=\"padding-left: 60px\">&#8211; Electricista de construcci\u00f3.<\/p>\n<p style=\"padding-left: 60px\">&#8211; Electricista Industrial.<\/p>\n<p style=\"padding-left: 60px\">&#8211; Electricista de manteniment.<\/p>\n<p style=\"padding-left: 60px\">&#8211; Instal\u00b7lador &#8211; mantenidor de sistemes dom\u00f2tics.<\/p>\n<p style=\"padding-left: 60px\">&#8211; Instal\u00b7lador &#8211; mantenidor d&#8217;antenes.<\/p>\n<p style=\"padding-left: 60px\">&#8211; Instal\u00b7lador de telecomunicacions en edificis de vivendes.<\/p>\n<p style=\"padding-left: 60px\">&#8211; Instal\u00b7lador &#8211; mantenidor d&#8217;equips i instal\u00b7lacions telef\u00f2niques.<\/p>\n<p style=\"padding-left: 60px\">&#8211; Muntador d&#8217;instal\u00b7lacions d&#8217;energia solar fotovoltaica.<\/p>\n<ul>\n<li><strong><em>Pla de formaci\u00f3<\/em><\/strong><\/li>\n<\/ul>\n<p><a href=\"http:\/\/iespasqualcalbo.cat\/blocs\/electricitat\/wp-content\/uploads\/sites\/6\/2017\/02\/temari-gm-installacions.jpg\"><img decoding=\"async\" class=\"aligncenter size-medium wp-image-197\" src=\"http:\/\/iespasqualcalbo.cat\/blocs\/electricitat\/wp-content\/uploads\/sites\/6\/2017\/02\/temari-gm-installacions-300x143.jpg\" alt=\"\" width=\"300\" height=\"143\" srcset=\"https:\/\/www.iespasqualcalbo.cat\/blocs\/electricitat\/wp-content\/uploads\/sites\/13\/2017\/02\/temari-gm-installacions-300x143.jpg 300w, https:\/\/www.iespasqualcalbo.cat\/blocs\/electricitat\/wp-content\/uploads\/sites\/13\/2017\/02\/temari-gm-installacions-768x366.jpg 768w, https:\/\/www.iespasqualcalbo.cat\/blocs\/electricitat\/wp-content\/uploads\/sites\/13\/2017\/02\/temari-gm-installacions-1024x489.jpg 1024w, https:\/\/www.iespasqualcalbo.cat\/blocs\/electricitat\/wp-content\/uploads\/sites\/13\/2017\/02\/temari-gm-installacions.jpg 1138w\" sizes=\"(max-width: 300px) 100vw, 300px\" \/><\/a><\/p>\n<p><a href=\"http:\/\/iespasqualcalbo.cat\/blocs\/electricitat\/wp-content\/uploads\/sites\/6\/2017\/03\/FCT-GM.jpg\"><img decoding=\"async\" class=\"aligncenter size-medium wp-image-235\" src=\"http:\/\/iespasqualcalbo.cat\/blocs\/electricitat\/wp-content\/uploads\/sites\/6\/2017\/03\/FCT-GM-300x35.jpg\" alt=\"\" width=\"300\" height=\"35\" srcset=\"https:\/\/www.iespasqualcalbo.cat\/blocs\/electricitat\/wp-content\/uploads\/sites\/13\/2017\/03\/FCT-GM-300x35.jpg 300w, https:\/\/www.iespasqualcalbo.cat\/blocs\/electricitat\/wp-content\/uploads\/sites\/13\/2017\/03\/FCT-GM-768x89.jpg 768w, https:\/\/www.iespasqualcalbo.cat\/blocs\/electricitat\/wp-content\/uploads\/sites\/13\/2017\/03\/FCT-GM.jpg 1000w\" sizes=\"(max-width: 300px) 100vw, 300px\" \/><\/a><\/p>\n<ul>\n<li><strong><em>Qualificacions i unitats de compet\u00e8ncia<\/em><\/strong><\/li>\n<\/ul>\n<p style=\"padding-left: 30px\">&#8211; Qualificacions professionals completes:<\/p>\n<p style=\"padding-left: 60px\">a)\u00a0Muntatge i manteniment d&#8217;instal\u00b7lacions el\u00e8ctriques de baixa tensi\u00f3 ELE257_2 que compren les seg\u00fcents unitats de compet\u00e8ncia:<\/p>\n<p style=\"padding-left: 60px\">&#8211; UC0820_2. Muntar i mantenir instal\u00b7lacions el\u00e8ctriques de baixa tensi\u00f3 en edificis comercials, d&#8217;oficines i d&#8217;una o diferents ind\u00fastries.<\/p>\n<p style=\"padding-left: 60px\">&#8211; UC0821_2. Muntar i mantenir instal\u00b7lacions\u00a0d&#8217;automatismes en l&#8217;entorn d&#8217;habitatges i petita ind\u00fastria.<\/p>\n<p style=\"padding-left: 60px\">&#8211; UC0823_2 Muntar i mantenir xarxes el\u00e8ctriques a\u00e8ries de baixa tensi\u00f3.<\/p>\n<p style=\"padding-left: 60px\">&#8211; UC0824_2 Muntar i mantenir xarxes el\u00e8ctriques subterr\u00e0nies de baixa tensi\u00f3.<\/p>\n<p style=\"padding-left: 60px\">&#8211; UC0825_2 Muntar i mantenir m\u00e0quines el\u00e8ctriques.<\/p>\n<p style=\"padding-left: 60px\">b)\u00a0Muntatge i manteniment d&#8217;infraestructures de telecomunicacions en edificis ELE043_2 que compren les seg\u00fcents unitats de compet\u00e8ncia:<\/p>\n<p style=\"padding-left: 60px\">&#8211; UC0120_2 Muntar i mantenir instal\u00b7lacions de captaci\u00f3 de senyals de radiodifusi\u00f3 sonora i TV en edificis o conjunts d&#8217;edificacions (antenes i cable).<\/p>\n<p style=\"padding-left: 60px\">&#8211; UC0121_2 Muntar i mantenir instal\u00b7lacions d&#8217;acc\u00e9s al servei de telefonia disponible al p\u00fablic i instal\u00b7lacions de control d&#8217;acc\u00e9s (telefonia interior i videoporteria).<\/p>\n<p style=\"padding-left: 30px\">&#8211; Qualificacions professionals incompletes:<\/p>\n<p style=\"padding-left: 60px\">a) Muntatge i manteniment d&#8217;instal\u00b7lacions solars fotovoltaiques ENA261_2\u00a0que compren les seg\u00fcents unitats de compet\u00e8ncia:<\/p>\n<p style=\"padding-left: 60px\">&#8211; UC0836_2 Muntar instal\u00b7lacions solars fotovoltaiques.<\/p>\n<p style=\"padding-left: 60px\">&#8211; UC0837_2 Mantenir instal\u00b7lacions solars fotovoltaiques.<\/p>\n<ul>\n<li><strong><em>Carnet Instal\u00b7lador<\/em><\/strong><\/li>\n<\/ul>\n<p style=\"padding-left: 30px\">La formaci\u00f3 establerta en el Reial Decret de la titulaci\u00f3 (<em>REAL DECRETO 177\/2008, de 8 de febrero<\/em>), en el conjunt dels m\u00f2duls professionals del T\u00edtol, garanteix el nivell de coneixement exigit en el carnet d&#8217;Instal\u00b7lador Autoritzat en Baixa Tensi\u00f3, tant en la Categoria B\u00e0sica (IBTB) com en la d&#8217;especialista (IBTE), segons el RD\u00a0842\/2002, de 2 de agosto.<\/p>\n<ul>\n<li><strong><em>Correspond\u00e8ncia dels m\u00f2duls professionals amb les unitats de compet\u00e8ncia per la seva acreditaci\u00f3<\/em><\/strong><\/li>\n<\/ul>\n<p><a href=\"http:\/\/iespasqualcalbo.cat\/blocs\/electricitat\/wp-content\/uploads\/sites\/6\/2017\/02\/acreditacio-moduls-competencies-ele21.jpg\"><img decoding=\"async\" class=\"aligncenter size-medium wp-image-209\" src=\"http:\/\/iespasqualcalbo.cat\/blocs\/electricitat\/wp-content\/uploads\/sites\/6\/2017\/02\/acreditacio-moduls-competencies-ele21-300x127.jpg\" alt=\"\" width=\"300\" height=\"127\" srcset=\"https:\/\/www.iespasqualcalbo.cat\/blocs\/electricitat\/wp-content\/uploads\/sites\/13\/2017\/02\/acreditacio-moduls-competencies-ele21-300x127.jpg 300w, https:\/\/www.iespasqualcalbo.cat\/blocs\/electricitat\/wp-content\/uploads\/sites\/13\/2017\/02\/acreditacio-moduls-competencies-ele21-768x326.jpg 768w, https:\/\/www.iespasqualcalbo.cat\/blocs\/electricitat\/wp-content\/uploads\/sites\/13\/2017\/02\/acreditacio-moduls-competencies-ele21-1024x434.jpg 1024w, https:\/\/www.iespasqualcalbo.cat\/blocs\/electricitat\/wp-content\/uploads\/sites\/13\/2017\/02\/acreditacio-moduls-competencies-ele21.jpg 1309w\" sizes=\"(max-width: 300px) 100vw, 300px\" \/><\/a><\/p>\n<ul>\n<li><em><strong>Quan acabi els estudis, qu\u00e8 puc fer?<\/strong><\/em><\/li>\n<\/ul>\n<p style=\"padding-left: 30px\">&#8211; Feina<\/p>\n<p style=\"padding-left: 60px\">En el muntatge i el manteniment d&#8217;infraestructures de telecomunicacions en edificis, m\u00e0quines el\u00e8ctriques, sistemes automatitzats, instal\u00b7lacions el\u00e8ctriques de baixa tensi\u00f3 i sistemes dom\u00f2tics.<\/p>\n<p style=\"padding-left: 30px\">&#8211; Seguir estudiant<\/p>\n<p style=\"padding-left: 60px\">Cursos d&#8217;especialitzaci\u00f3 professional, Cicles de Grau Superior, altres Cicles de Grau Mitj\u00e0 amb les convalidacions corresponents, batxillerat en qualsevol de les seves especialitats.<\/p>\n<ul>\n<li><a href=\"http:\/\/www.iespasqualcalbo.cat\/arxius\/triptics\/Triptic-ELE-21.pdf\" target=\"_blank\" rel=\"noopener noreferrer\"><strong><em>Tr\u00edptic del Cicle<\/em><\/strong><\/a><\/li>\n<\/ul>\n<ul>\n<li><strong><em>M\u00e9s informaci\u00f3<\/em><\/strong><\/li>\n<\/ul>\n<p style=\"padding-left: 30px\">&#8211; <a href=\"http:\/\/www.boe.es\/boe\/dias\/2008\/03\/01\/pdfs\/A12567-12600.pdf\" target=\"_blank\" rel=\"noopener noreferrer\">Titulo de T\u00e9cnico en Instalaciones El\u00e9ctricas y Autom\u00e1ticas y ense\u00f1anzas m\u00ednimas<\/a><\/p>\n<p style=\"padding-left: 30px\">&#8211; <a href=\"http:\/\/www.boe.es\/boe\/dias\/2009\/08\/10\/pdfs\/BOE-A-2009-13250.pdf\" target=\"_blank\" rel=\"noopener noreferrer\">Curr\u00edculo del t\u00edtulo de T\u00e9cnico en Instalaciones El\u00e9ctricas y Autom\u00e1ticas<\/a><\/p>\n","protected":false},"excerpt":{"rendered":"<p>Grau Mitj\u00e0 T\u00e8cnic en Instal\u00b7lacions El\u00e8ctriques i Autom\u00e0tiques Qui pot accedir \u2013 T\u00edtol de graduat en Educaci\u00f3 Secund\u00e0ria Obligat\u00f2ria. &#8211; Acc\u00e9s mitjan\u00e7ant prova d&#8217;acc\u00e9s. &#8211; Haver cursat un Cicle Formatiu de Formaci\u00f3 Professional B\u00e0sica Entorn professional &#8211; Aquest professional exerceix la seva activitat en petites i mitjanes empreses, principalment privades, dedicades al muntatge i manteniment [&hellip;]<\/p>\n","protected":false},"author":2,"featured_media":0,"parent":0,"menu_order":0,"comment_status":"closed","ping_status":"closed","template":"","meta":{"footnotes":""},"class_list":["post-192","page","type-page","status-publish","hentry"],"_links":{"self":[{"href":"https:\/\/www.iespasqualcalbo.cat\/blocs\/electricitat\/wp-json\/wp\/v2\/pages\/192","targetHints":{"allow":["GET"]}}],"collection":[{"href":"https:\/\/www.iespasqualcalbo.cat\/blocs\/electricitat\/wp-json\/wp\/v2\/pages"}],"about":[{"href":"https:\/\/www.iespasqualcalbo.cat\/blocs\/electricitat\/wp-json\/wp\/v2\/types\/page"}],"author":[{"embeddable":true,"href":"https:\/\/www.iespasqualcalbo.cat\/blocs\/electricitat\/wp-json\/wp\/v2\/users\/2"}],"replies":[{"embeddable":true,"href":"https:\/\/www.iespasqualcalbo.cat\/blocs\/electricitat\/wp-json\/wp\/v2\/comments?post=192"}],"version-history":[{"count":0,"href":"https:\/\/www.iespasqualcalbo.cat\/blocs\/electricitat\/wp-json\/wp\/v2\/pages\/192\/revisions"}],"wp:attachment":[{"href":"https:\/\/www.iespasqualcalbo.cat\/blocs\/electricitat\/wp-json\/wp\/v2\/media?parent=192"}],"curies":[{"name":"wp","href":"https:\/\/api.w.org\/{rel}","templated":true}]}}

Grau Mitjà

<p>				<strong>Grau Mitjà Tècnic en Instal·lacions Elèctriques i Automàtiques</strong></p>
<ul>
<li><strong><em>Qui pot accedir</em></strong></li>
</ul>
<p style="padding-left: 30px">– Títol de graduat en Educació Secundària Obligatòria.</p>
<p style="padding-left: 30px">&#8211; Accés mitjançant prova d&#8217;accés.</p>
<p style="padding-left: 30px">&#8211; Haver cursat un Cicle Formatiu de Formació Professional Bàsica</p>
<ul>
<li><strong><em>Entorn professional</em></strong></li>
</ul>
<p style="padding-left: 30px">&#8211; Aquest professional exerceix la seva activitat en petites i mitjanes empreses, principalment privades, dedicades al muntatge i manteniment d&#8217;infraestructures de telecomunicacions en edificis, màquines elèctriques, sistemes automatitzats, instal·lacions elèctriques de baixa tensió i sistemes domòtics.</p>
<p style="padding-left: 30px">&#8211;  Les ocupacions i llocs de treball més rellevants són les següents:</p>
<p style="padding-left: 60px">&#8211; Instal·lador &#8211; mantenidor electricista.</p>
<p style="padding-left: 60px">&#8211; Electricista de construcció.</p>
<p style="padding-left: 60px">&#8211; Electricista Industrial.</p>
<p style="padding-left: 60px">&#8211; Electricista de manteniment.</p>
<p style="padding-left: 60px">&#8211; Instal·lador &#8211; mantenidor de sistemes domòtics.</p>
<p style="padding-left: 60px">&#8211; Instal·lador &#8211; mantenidor d&#8217;antenes.</p>
<p style="padding-left: 60px">&#8211; Instal·lador de telecomunicacions en edificis de vivendes.</p>
<p style="padding-left: 60px">&#8211; Instal·lador &#8211; mantenidor d&#8217;equips i instal·lacions telefòniques.</p>
<p style="padding-left: 60px">&#8211; Muntador d&#8217;instal·lacions d&#8217;energia solar fotovoltaica.</p>
<ul>
<li><strong><em>Pla de formació</em></strong></li>
</ul>
<p><a href="http://iespasqualcalbo.cat/blocs/electricitat/wp-content/uploads/sites/6/2017/02/temari-gm-installacions.jpg"><img decoding="async" class="aligncenter size-medium wp-image-197" src="http://iespasqualcalbo.cat/blocs/electricitat/wp-content/uploads/sites/6/2017/02/temari-gm-installacions-300x143.jpg" alt="" width="300" height="143" srcset="https://www.iespasqualcalbo.cat/blocs/electricitat/wp-content/uploads/sites/13/2017/02/temari-gm-installacions-300x143.jpg 300w, https://www.iespasqualcalbo.cat/blocs/electricitat/wp-content/uploads/sites/13/2017/02/temari-gm-installacions-768x366.jpg 768w, https://www.iespasqualcalbo.cat/blocs/electricitat/wp-content/uploads/sites/13/2017/02/temari-gm-installacions-1024x489.jpg 1024w, https://www.iespasqualcalbo.cat/blocs/electricitat/wp-content/uploads/sites/13/2017/02/temari-gm-installacions.jpg 1138w" sizes="(max-width: 300px) 100vw, 300px" /></a></p>
<p><a href="http://iespasqualcalbo.cat/blocs/electricitat/wp-content/uploads/sites/6/2017/03/FCT-GM.jpg"><img decoding="async" class="aligncenter size-medium wp-image-235" src="http://iespasqualcalbo.cat/blocs/electricitat/wp-content/uploads/sites/6/2017/03/FCT-GM-300x35.jpg" alt="" width="300" height="35" srcset="https://www.iespasqualcalbo.cat/blocs/electricitat/wp-content/uploads/sites/13/2017/03/FCT-GM-300x35.jpg 300w, https://www.iespasqualcalbo.cat/blocs/electricitat/wp-content/uploads/sites/13/2017/03/FCT-GM-768x89.jpg 768w, https://www.iespasqualcalbo.cat/blocs/electricitat/wp-content/uploads/sites/13/2017/03/FCT-GM.jpg 1000w" sizes="(max-width: 300px) 100vw, 300px" /></a></p>
<ul>
<li><strong><em>Qualificacions i unitats de competència</em></strong></li>
</ul>
<p style="padding-left: 30px">&#8211; Qualificacions professionals completes:</p>
<p style="padding-left: 60px">a) Muntatge i manteniment d&#8217;instal·lacions elèctriques de baixa tensió ELE257_2 que compren les següents unitats de competència:</p>
<p style="padding-left: 60px">&#8211; UC0820_2. Muntar i mantenir instal·lacions elèctriques de baixa tensió en edificis comercials, d&#8217;oficines i d&#8217;una o diferents indústries.</p>
<p style="padding-left: 60px">&#8211; UC0821_2. Muntar i mantenir instal·lacions d&#8217;automatismes en l&#8217;entorn d&#8217;habitatges i petita indústria.</p>
<p style="padding-left: 60px">&#8211; UC0823_2 Muntar i mantenir xarxes elèctriques aèries de baixa tensió.</p>
<p style="padding-left: 60px">&#8211; UC0824_2 Muntar i mantenir xarxes elèctriques subterrànies de baixa tensió.</p>
<p style="padding-left: 60px">&#8211; UC0825_2 Muntar i mantenir màquines elèctriques.</p>
<p style="padding-left: 60px">b) Muntatge i manteniment d&#8217;infraestructures de telecomunicacions en edificis ELE043_2 que compren les següents unitats de competència:</p>
<p style="padding-left: 60px">&#8211; UC0120_2 Muntar i mantenir instal·lacions de captació de senyals de radiodifusió sonora i TV en edificis o conjunts d&#8217;edificacions (antenes i cable).</p>
<p style="padding-left: 60px">&#8211; UC0121_2 Muntar i mantenir instal·lacions d&#8217;accés al servei de telefonia disponible al públic i instal·lacions de control d&#8217;accés (telefonia interior i videoporteria).</p>
<p style="padding-left: 30px">&#8211; Qualificacions professionals incompletes:</p>
<p style="padding-left: 60px">a) Muntatge i manteniment d&#8217;instal·lacions solars fotovoltaiques ENA261_2 que compren les següents unitats de competència:</p>
<p style="padding-left: 60px">&#8211; UC0836_2 Muntar instal·lacions solars fotovoltaiques.</p>
<p style="padding-left: 60px">&#8211; UC0837_2 Mantenir instal·lacions solars fotovoltaiques.</p>
<ul>
<li><strong><em>Carnet Instal·lador</em></strong></li>
</ul>
<p style="padding-left: 30px">La formació establerta en el Reial Decret de la titulació (<em>REAL DECRETO 177/2008, de 8 de febrero</em>), en el conjunt dels mòduls professionals del Títol, garanteix el nivell de coneixement exigit en el carnet d&#8217;Instal·lador Autoritzat en Baixa Tensió, tant en la Categoria Bàsica (IBTB) com en la d&#8217;especialista (IBTE), segons el RD 842/2002, de 2 de agosto.</p>
<ul>
<li><strong><em>Correspondència dels mòduls professionals amb les unitats de competència per la seva acreditació</em></strong></li>
</ul>
<p><a href="http://iespasqualcalbo.cat/blocs/electricitat/wp-content/uploads/sites/6/2017/02/acreditacio-moduls-competencies-ele21.jpg"><img decoding="async" class="aligncenter size-medium wp-image-209" src="http://iespasqualcalbo.cat/blocs/electricitat/wp-content/uploads/sites/6/2017/02/acreditacio-moduls-competencies-ele21-300x127.jpg" alt="" width="300" height="127" srcset="https://www.iespasqualcalbo.cat/blocs/electricitat/wp-content/uploads/sites/13/2017/02/acreditacio-moduls-competencies-ele21-300x127.jpg 300w, https://www.iespasqualcalbo.cat/blocs/electricitat/wp-content/uploads/sites/13/2017/02/acreditacio-moduls-competencies-ele21-768x326.jpg 768w, https://www.iespasqualcalbo.cat/blocs/electricitat/wp-content/uploads/sites/13/2017/02/acreditacio-moduls-competencies-ele21-1024x434.jpg 1024w, https://www.iespasqualcalbo.cat/blocs/electricitat/wp-content/uploads/sites/13/2017/02/acreditacio-moduls-competencies-ele21.jpg 1309w" sizes="(max-width: 300px) 100vw, 300px" /></a></p>
<ul>
<li><em><strong>Quan acabi els estudis, què puc fer?</strong></em></li>
</ul>
<p style="padding-left: 30px">&#8211; Feina</p>
<p style="padding-left: 60px">En el muntatge i el manteniment d&#8217;infraestructures de telecomunicacions en edificis, màquines elèctriques, sistemes automatitzats, instal·lacions elèctriques de baixa tensió i sistemes domòtics.</p>
<p style="padding-left: 30px">&#8211; Seguir estudiant</p>
<p style="padding-left: 60px">Cursos d&#8217;especialització professional, Cicles de Grau Superior, altres Cicles de Grau Mitjà amb les convalidacions corresponents, batxillerat en qualsevol de les seves especialitats.</p>
<ul>
<li><a href="http://www.iespasqualcalbo.cat/arxius/triptics/Triptic-ELE-21.pdf" target="_blank" rel="noopener noreferrer"><strong><em>Tríptic del Cicle</em></strong></a></li>
</ul>
<ul>
<li><strong><em>Més informació</em></strong></li>
</ul>
<p style="padding-left: 30px">&#8211; <a href="http://www.boe.es/boe/dias/2008/03/01/pdfs/A12567-12600.pdf" target="_blank" rel="noopener noreferrer">Titulo de Técnico en Instalaciones Eléctricas y Automáticas y enseñanzas mínimas</a></p>
<p style="padding-left: 30px">&#8211; <a href="http://www.boe.es/boe/dias/2009/08/10/pdfs/BOE-A-2009-13250.pdf" target="_blank" rel="noopener noreferrer">Currículo del título de Técnico en Instalaciones Eléctricas y Automáticas</a></p>

<p>Grau Mitjà Tècnic en Instal·lacions Elèctriques i Automàtiques Qui pot accedir – Títol de graduat en Educació Secundària Obligatòria. &#8211; Accés mitjançant prova d&#8217;accés. &#8211; Haver cursat un Cicle Formatiu de Formació Professional Bàsica Entorn professional &#8211; Aquest professional exerceix la seva activitat en petites i mitjanes empreses, principalment privades, dedicades al muntatge i manteniment [&hellip;]</p>
